31
Let o(l) = l**2 - 4. What is o(-2)?
0
Let z(g) = g + 6. Calculate z(8).
14
Let f(l) = l - 28. Give f(31).
3
Let q(s) = -13*s - 12. Give q(2).
-38
Let a(g) = -3*g - 56. Calculate a(-23).
13
Let y(g) = -g**2 + 16*g - 2. What is y(14)?
26
Let w(a) = -a**2 + 5. Give w(-5).
-20
Let v(s) = s - 11. Determine v(14).
3
Let c(v) = -v**2 + 30. Determine c(0).
30
Let f(h) = -h**3 + 10*h**2 + h - 2. Give f(10).
8
Let y(h) = 18*h**3 + 2*h**2 + 9*h + 7. Give y(-1).
-18
Let d(m) = -2*m**3 + 8*m**2 + 4*m - 12. What is d(4)?
4
Let f(b) = -7*b + 1. Determine f(-4).
29
Let j(m) = -m**2 - 20*m + 3. Give j(-16).
67
Let x(h) = -h**2 - 11*h - 15. Calculate x(-10).
-5
Let j(v) = -v**3 + 2*v**2 + 6*v + 8. What is j(4)?
0
Let x(t) = t**3 - 7*t**2 + 6*t + 1. Give x(6).
1
Let o(r) = -r - 16. Give o(14).
-30
Let g(c) = -2*c**2 - 8*c - 11. Determine g(-2).
-3
Let b(i) = -2*i**3 + 8*i**2 + 5*i - 3. What is b(4)?
17
Let r(s) = -3*s**2 - 3*s + 1. Determine r(-3).
-17
Let h(a) = a**2 + 71*a - 374. Determine h(5).
6
Let m(g) = -g + 8. Calculate m(-8).
16
Let b(m) = m**2 - 11*m + 26. What is b(7)?
-2
Let a(y) = 7*y + 15. What is a(-6)?
-27
Let a(j) = 2*j + 1. Calculate a(0).
1
Let h(z) = -6*z + 2. Give h(-1).
8
Let w(c) = -c - 61. Calculate w(-15).
-46
Let p(j) = -6*j**2 + 16*j + 2. Give p(3).
-4
Let w(c) = -4*c - 2. Calculate w(-1).
2
Let u(p) = -11*p**2 + 5*p - 1. Calculate u(-3).
-115
Let q(i) = -2*i**2 - 5*i - 4. What is q(-3)?
-7
Let s(x) = -33*x + 52. Determine s(0).
52
Let x(k) = -k**2 + k. Determine x(-1).
-2
Let w(g) = g**3 - 10*g**2 + 10*g - 3. What is w(9)?
6
Let b(n) = n**2 - 6*n. What is b(5)?
-5
Let w(v) = v**3 + 3*v**2 + v - 1. Calculate w(-3).
-4
Let s(b) = -b**3 - 3*b**2 - 16. What is s(-4)?
0
Let b(n) = -3*n + 7. Give b(-3).
16
Let h(i) = i**3 - 4*i**2 - 8*i. Give h(6).
24
Let l(m) = -m**3 - 36*m**2 + 31*m - 214. Determine l(-37).
8
Let m(o) = -8*o - 4. Calculate m(4).
-36
Let d(a) = a**3 - 4*a**2 + 23*a - 35. Determine d(2).
3
Let s(u) = 3*u - 70. Calculate s(20).
-10
Let h(c) = -c**2 + 9*c - 30. Give h(6).
-12
Let m(k) = k**3 - 6*k**2 + 4*k - 9. Give m(6).
15
Let c(u) = -u**2 - 13*u - 17. Calculate c(-13).
-17
Let f(u) = 10*u + 1. Give f(1).
11
Let y(z) = -3*z**2 - 2*z. Calculate y(-1).
-1
Let n(i) = 7*i - 182. Give n(26).
0
Let b(q) = -2*q - 47. Give b(-29).
11
Let i(l) = -47*l + 6. What is i(-2)?
100
Let b(f) = -3*f - 10. Calculate b(12).
-46
Let z(i) = -2*i**3 - 7*i**2 - 5*i - 7. What is z(-3)?
-1
Let d(r) = -r**2 + 18*r - 13. What is d(7)?
64
Let w(n) = -4*n + 131. What is w(30)?
11
Let f(m) = 4*m - 43. What is f(14)?
13
Let k(f) = -4*f**2 - 8*f + 12. Determine k(2).
-20
Let g(p) = -p**3 + 7*p**2 - 10*p + 9. Determine g(6).
-15
Let f(x) = x - 48. Calculate f(-26).
-74
Let w(q) = q**3 + 4*q**2 - 7*q + 25. Calculate w(-6).
-5
Let o(k) = k - 1. Determine o(0).
-1
Let w(g) = 3*g + 35. Give w(-16).
-13
Let h(a) = a**2 - 9*a - 2. What is h(8)?
-10
Let y(a) = -a + 2. Calculate y(4).
-2
Let o(d) = 27*d - 217. Calculate o(8).
-1
Let c(t) = t**2 - 3*t - 1. Determine c(4).
3
Let c(n) = 2*n**2 + 24*n + 21. What is c(-11)?
-1
Let z(i) = -3*i**2 - 85*i + 66. Give z(-29).
8
Let z(r) = -r**3 + 12*r**2 - 9*r - 17. Give z(11).
5
Let p(u) = 18*u**2 + u. Give p(-1).
17
Let y(w) = -w**3 - 4*w**2 - 4*w + 1. Give y(-4).
17
Let h(v) = v**3 - 25*v**2 + 22*v + 51. Determine h(24).
3
Let r(d) = d**3 + d - 17. Determine r(0).
-17
Let r(t) = -t**2 - 12*t - 12. Determine r(-11).
-1
Let d(y) = -8*y**2 + y + 4. What is d(2)?
-26
Let i(y) = 6*y**2 + 3*y + 3. What is i(-3)?
48
Let s(w) = -8*w**2 + 4*w + 9. Give s(-4).
-135
Let o(w) = 41*w**2 - w + 2. Give o(1).
42
Let r(h) = 3*h**2 + 3*h. Calculate r(-2).
6
Let s(v) = 20*v + 603. Give s(-30).
3
Let l(p) = p - 13. What is l(-10)?
-23
Let g(c) = -4*c - 12. What is g(5)?
-32
Let t(z) = 7*z**2 + 2*z - 1. Give t(1).
8
Let l(y) = -2*y**3 - 11*y**2 - 5*y + 3. Determine l(-4).
-25
Let c(u) = 10*u - 4. Determine c(2).
16
Let z(m) = m**3 + 6*m**2 - 4*m - 14. What is z(-6)?
10
Let f(w) = -4*w**2 + 20*w - 7. Calculate f(5).
-7
Let i(r) = -10*r + 97. Give i(9).
7
Let g(q) = q - 69. What is g(22)?
-47
Let q(i) = -3*i + 16. Determine q(4).
4
Let x(j) = -2*j + 3. Calculate x(17).
-31
Let w(f) = -f**2 + 14*f - 1. Give w(13).
12
Let s(u) = 8*u - 42. Determine s(5).
-2
Let l(q) = -2*q**2 + 7*q + 1. Calculate l(4).
-3
Let l(s) = -2*s**2 + s - 5. Calculate l(0).
-5
Let b(w) = w**2 - 12*w - 126. What is b(19)?
7
Let y(t) = t**3 - 17*t**2 - 23*t + 3. Determine y(18).
-87
Let p(x) = -x**3 + 5*x**2 - 3*x - 9. Calculate p(4).
-5
Let c(f) = 37*f + 2. What is c(-1)?
-35
Let r(c) = 4*c + 175. Calculate r(-32).
47
Let l(z) = 9*z - 45. Give l(6).
9
Let x(g) = g**3 + 7*g**2 + 5*g + 1. Calculate x(-2).
11
Let f(m) = -2*m**3 - 66*m**2 - 4*m - 132. Determine f(-33).
0
Let q(l) = -3*l**2 + 2*l - 28. Calculate q(0).
-28
Let q(d) = -d**3 + 8*d**2 - 5*d - 5. Give q(8).
-45
Let z(q) = 4*q - 9. Give z(-7).
-37
Let i(v) = 2*v. Determine i(6).
12
Let d(h) = 3*h + 8. What is d(-3)?
-1
Let o(k) = k**2 + 23*k + 64. Determine o(-18).
-26
Let a(v) = -4*v**2 - 7*v - 5. Give a(-2).
-7
Let r(y) = y**3 + 4*y**2 - y - 2. Give r(-3).
10
Let z(m) = 72*m**3 + 3*m**2 + 3*m. What is z(-1)?
-72
Let p(u) = -u - 11. Give p(-3).
-8
Let d(s) = -s**3 + 7*s**2 - 6*s + 7. Calculate d(6).
7
Let t(w) = -350*w + 1750. Give t(5).
0
Let b(w) = -2*w**3 - 3*w**2 + 3*w + 1. What is b(-3)?
19
Let m(k) = -59*k - 63. What is m(-1)?
-4
Let h(o) = 4*o + 3. Give h(-2).
-5
Let p(d) = d**2 - 18*d - 143. Determine p(-6).
1
Let l(z) = -8*z + 11. Calculate l(-11).
99
Let t(a) = 61*a - 364. What is t(6)?
2
Let y(i) = i**3 + 16*i**2 - 35*i + 23. Give y(-18).
5
Let y(a) = -2*a**3 + 11*a**2 + 16*a + 20. Calculate y(7).
-15
Let n(k) = 75*k + 300. What is n(-4)?
0
Let j(a) = a**2 - 25*a + 34. Determine j(24).
10
Let w(j) = -j**3 - j**2 + 7*j - 4. Calculate w(-5).
61
Let g(k) = 7*k**2 + 115*k + 52. Determine g(-16).
4
Let h(v) = -v**2 + 2*v + 5. Give h(5).
-10
Let q(b) = 4*b - 17. Determine q(6).
7
Let l(s) = 2*s - 51. Calculate l(26).
1
Let i(t) = -t**2 - 15*t + 23. Determine i(-16).
7
Let t(o) = o**3 + 6*o**2 - 2*o - 7. What is t(-6)?
5
Let r(i) = -i**2 - 6*i + 10. What is r(4)?
-30
Let q(o) = o**2 + 18*o - 19. What is q(-18)?
-19
Let n(g) = g**2 + 10*g - 1. Give n(-9).
-10
Let d(z) = -91*z + 449. Determine d(5).
-6
Let d(z) = z**2 + 2*z - 4. Give d(-4).
4
Let m(v) = -3*v + 41. Give m(0).
41
Let t(m) = 9*m - 43. Give t(8).
29
Let w(t) = 5*t - 8. Calculate w(7).
27
Let w(f) = -6*f - 75. Calculate w(-12).
-3
Let w(s) = -s**3 - 9*s**2 + 21*s + 11. Calculate w(-11).
22
Let i(o) = -o**3 + 7*o**2 + 3*o + 7. Give i(8).
-33
Let b(g) = -9*g + 65. Give b(5).
20
Let m(v) = v + 7. Calculate m(4).
11
Let i(b) = -3*b - 7. Determine i(1).
-10
Let g(l) = -l**3 + 5*l**2 + 14*l + 13. Give g(7).
13
Let a(f) = 8*f - 12. Give a(-5).
-52
Let k(a) = -a**3 + 6*a**2 + 23*a + 30. Calculate k(9).
-6
Let w(q) = q**2 + 17*q - 45. Determine w(2).
-7
Let g(m) = -58*m**3 + 2*m**2 - 1. What is g(1)?
-57
Let t(c) = -2*c + 10. Give t(7).
-4
Let b(z) = -2*z**3 - 11*z**2 - 6*z - 4. Give b(-5).
1
Let l(f) = f**3 - 18*f**2 - 19*f - 15. Calculate l(19).
-15
Let o(c) = -3*c + 32. Give o(9).
5
Let c(o) = -2*o**2 - 6*o + 51. Calculate c(-7).
-5
Let l(d) = -3*d - 16. Determine l(-5).
-1
Let h(z) = -2*z**2 + 17*z - 7. Calculate h(5).
28
Let s(x) = -14*x**3 - x**2 + 7*x - 4. Calculate s(2).
-106
Let d(u) = u**3 - 7*u**2 + 5*u - 3. Calculate d(4).
-31
Let h(c) = 7*c. Calculate h(-3).
-21
Let j(x) = -x**3 - x**2 + 2*x - 30. What is j(0)?
-30
Let n(x) = x**3 - 20*x**2 + 37*x - 9. Calculate n(18).
9
Let m(k) = 6*k**2 + k. What is m(-1)?
5
Let z(h) = -61*h**3 + 3*h**2 - 2*h. Calculate z(1).
-60
Let l(f) = -f - 27. Give l(-19).
-8
Let n(g) = g**2 - 8. Calculate n(-7).
41
Let l(k) = k**3 - 10*k**2 + k + 8. Give l(9).
-64
Let r(y) = -22*y + 59. What is r(2)?
15
Let u(i) = i**3 + 5*i**2 - 10*i + 12. Determine u(-7).
-16
Let r(s) = -5*s**2 + 2*s - 1. Give r(1).
-4
Let c(y) = -4*y - 18. Determine c(-12).
30
Let n(i) = -i**2 + 12*i - 43. What is n(5)?
-8
Let m(f) = f**3 + 4*f**2 - 23*f - 4. Determine m(3).
-10
Let i(g) = -12*g**2 + 159*g - 1. What is i(13)?
38
Let y(w) = w**2 - 19*w - 3. Give y(17).
-37
Let y(w) = -w**2 + 7*w - 1. What is y(4)?
11
Let b(h) = -h**3 + 5*h**2 - 3